[INFO] cloning repository https://github.com/anshumantiwari/win32api-rust
[INFO] running `Command { std: "git" "-c" "credential.helper=" "-c" "credential.helper=/workspace/cargo-home/bin/git-credential-null" "clone" "--bare" "https://github.com/anshumantiwari/win32api-rust" "/workspace/cache/git-repos/https%3A%2F%2Fgithub.com%2Fanshumantiwari%2Fwin32api-rust", kill_on_drop: false }`
[INFO] [stderr] Cloning into bare repository '/workspace/cache/git-repos/https%3A%2F%2Fgithub.com%2Fanshumantiwari%2Fwin32api-rust'...
[INFO] running `Command { std: "git" "rev-parse" "HEAD", kill_on_drop: false }`
[INFO] [stdout] 243abc5db2ef7090f367f266f317645b1cc42f74
[INFO] checking anshumantiwari/win32api-rust against master#cfbc6d4cf1acbac5c025acf8ed68929caa551df3 for pr-75494-beta
[INFO] running `Command { std: "git" "clone" "/workspace/cache/git-repos/https%3A%2F%2Fgithub.com%2Fanshumantiwari%2Fwin32api-rust" "/workspace/builds/worker-11/source", kill_on_drop: false }`
[INFO] [stderr] Cloning into '/workspace/builds/worker-11/source'...
[INFO] [stderr] done.
[INFO] validating manifest of git repo https://github.com/anshumantiwari/win32api-rust on toolchain cfbc6d4cf1acbac5c025acf8ed68929caa551df3
[INFO] running `Command { std: "/workspace/cargo-home/bin/cargo" "+cfbc6d4cf1acbac5c025acf8ed68929caa551df3" "read-manifest" "--manifest-path" "Cargo.toml", kill_on_drop: false }`
[INFO] started tweaking git repo https://github.com/anshumantiwari/win32api-rust
[INFO] finished tweaking git repo https://github.com/anshumantiwari/win32api-rust
[INFO] tweaked toml for git repo https://github.com/anshumantiwari/win32api-rust written to /workspace/builds/worker-11/source/Cargo.toml
[INFO] crate git repo https://github.com/anshumantiwari/win32api-rust already has a lockfile, it will not be regenerated
[INFO] running `Command { std: "/workspace/cargo-home/bin/cargo" "+cfbc6d4cf1acbac5c025acf8ed68929caa551df3" "fetch" "--locked" "--manifest-path" "Cargo.toml", kill_on_drop: false }`
[INFO] running `Command { std: "docker" "create" "-v" "/var/lib/crater-agent-workspace/builds/worker-11/target:/opt/rustwide/target:rw,Z" "-v" "/var/lib/crater-agent-workspace/builds/worker-11/source:/opt/rustwide/workdir:ro,Z" "-v" "/var/lib/crater-agent-workspace/cargo-home:/opt/rustwide/cargo-home:ro,Z" "-v" "/var/lib/crater-agent-workspace/rustup-home:/opt/rustwide/rustup-home:ro,Z" "-e" "SOURCE_DIR=/opt/rustwide/workdir" "-e" "CARGO_TARGET_DIR=/opt/rustwide/target" "-e" "CARGO_HOME=/opt/rustwide/cargo-home" "-e" "RUSTUP_HOME=/opt/rustwide/rustup-home" "-w" "/opt/rustwide/workdir" "-m" "1610612736" "--user" "0:0" "--network" "none" "rustops/crates-build-env@sha256:a636fd89d022f18117e1dc8fb37a0a009933cdbbe082814857f0e2024962d47c" "/opt/rustwide/cargo-home/bin/cargo" "+cfbc6d4cf1acbac5c025acf8ed68929caa551df3" "metadata" "--no-deps" "--format-version=1", kill_on_drop: false }`
[INFO] [stdout] 4595a08712036fe336eb57f4e931c17f63a60d414ee7bff08c5c43fd4abf2ca2
[INFO] [stderr] WARNING: Your kernel does not support swap limit capabilities or the cgroup is not mounted. Memory limited without swap.
[INFO] running `Command { std: "docker" "start" "-a" "4595a08712036fe336eb57f4e931c17f63a60d414ee7bff08c5c43fd4abf2ca2", kill_on_drop: false }`
[INFO] running `Command { std: "docker" "inspect" "4595a08712036fe336eb57f4e931c17f63a60d414ee7bff08c5c43fd4abf2ca2", kill_on_drop: false }`
[INFO] running `Command { std: "docker" "rm" "-f" "4595a08712036fe336eb57f4e931c17f63a60d414ee7bff08c5c43fd4abf2ca2", kill_on_drop: false }`
[INFO] [stdout] 4595a08712036fe336eb57f4e931c17f63a60d414ee7bff08c5c43fd4abf2ca2
[INFO] running `Command { std: "docker" "create" "-v" "/var/lib/crater-agent-workspace/builds/worker-11/target:/opt/rustwide/target:rw,Z" "-v" "/var/lib/crater-agent-workspace/builds/worker-11/source:/opt/rustwide/workdir:ro,Z" "-v" "/var/lib/crater-agent-workspace/cargo-home:/opt/rustwide/cargo-home:ro,Z" "-v" "/var/lib/crater-agent-workspace/rustup-home:/opt/rustwide/rustup-home:ro,Z" "-e" "SOURCE_DIR=/opt/rustwide/workdir" "-e" "CARGO_TARGET_DIR=/opt/rustwide/target" "-e" "CARGO_INCREMENTAL=0" "-e" "RUST_BACKTRACE=full" "-e" "RUSTFLAGS=--cap-lints=forbid" "-e" "CARGO_HOME=/opt/rustwide/cargo-home" "-e" "RUSTUP_HOME=/opt/rustwide/rustup-home" "-w" "/opt/rustwide/workdir" "-m" "1610612736" "--user" "0:0" "--network" "none" "rustops/crates-build-env@sha256:a636fd89d022f18117e1dc8fb37a0a009933cdbbe082814857f0e2024962d47c" "/opt/rustwide/cargo-home/bin/cargo" "+cfbc6d4cf1acbac5c025acf8ed68929caa551df3" "check" "--frozen" "--all" "--all-targets" "--message-format=json", kill_on_drop: false }`
[INFO] [stdout] 35fefe74b6092db451f3f26e7d256385afbdee622f1f9bd026d3cf91250d7ba8
[INFO] [stderr] WARNING: Your kernel does not support swap limit capabilities or the cgroup is not mounted. Memory limited without swap.
[INFO] running `Command { std: "docker" "start" "-a" "35fefe74b6092db451f3f26e7d256385afbdee622f1f9bd026d3cf91250d7ba8", kill_on_drop: false }`
[INFO] [stderr]    Compiling user32-sys v0.2.0
[INFO] [stderr]     Checking test_test v0.1.0 (/opt/rustwide/workdir)
[INFO] [stdout] error[E0432]: unresolved import `user32::MessageBoxA`
[INFO] [stdout]  --> src/main.rs:4:5
[INFO] [stdout]   |
[INFO] [stdout] 4 | use user32::MessageBoxA;
[INFO] [stdout]   |     ^^^^^^^^^^^^^^^^^^^ no `MessageBoxA` in the root
[INFO] [stdout] 
[INFO] [stdout] 
[INFO] [stdout] error[E0432]: unresolved import `winapi::winuser`
[INFO] [stdout]  --> src/main.rs:5:13
[INFO] [stdout]   |
[INFO] [stdout] 5 | use winapi::winuser::{MB_OK, MB_ICONINFORMATION};
[INFO] [stdout]   |             ^^^^^^^ could not find `winuser` in `winapi`
[INFO] [stdout] 
[INFO] [stdout] 
[INFO] [stdout] error: aborting due to 2 previous errors
[INFO] [stdout] 
[INFO] [stdout] 
[INFO] [stdout] For more information about this error, try `rustc --explain E0432`.
[INFO] [stdout] 
[INFO] [stdout] error[E0432]: unresolved import `user32::MessageBoxA`
[INFO] [stdout]  --> src/main.rs:4:5
[INFO] [stdout]   |
[INFO] [stdout] 4 | use user32::MessageBoxA;
[INFO] [stdout]   |     ^^^^^^^^^^^^^^^^^^^ no `MessageBoxA` in the root
[INFO] [stdout] 
[INFO] [stdout] 
[INFO] [stdout] error[E0432]: unresolved import `winapi::winuser`
[INFO] [stdout]  --> src/main.rs:5:13
[INFO] [stdout]   |
[INFO] [stdout] 5 | use winapi::winuser::{MB_OK, MB_ICONINFORMATION};
[INFO] [stdout]   |             ^^^^^^^ could not find `winuser` in `winapi`
[INFO] [stdout] 
[INFO] [stdout] 
[INFO] [stderr] error: could not compile `test_test`.
[INFO] [stderr] 
[INFO] [stderr] To learn more, run the command again with --verbose.
[INFO] [stderr] warning: build failed, waiting for other jobs to finish...
[INFO] [stdout] error: aborting due to 2 previous errors
[INFO] [stdout] 
[INFO] [stdout] 
[INFO] [stdout] For more information about this error, try `rustc --explain E0432`.
[INFO] [stdout] 
[INFO] [stderr] error: build failed
[INFO] running `Command { std: "docker" "inspect" "35fefe74b6092db451f3f26e7d256385afbdee622f1f9bd026d3cf91250d7ba8", kill_on_drop: false }`
[INFO] running `Command { std: "docker" "rm" "-f" "35fefe74b6092db451f3f26e7d256385afbdee622f1f9bd026d3cf91250d7ba8", kill_on_drop: false }`
[INFO] [stdout] 35fefe74b6092db451f3f26e7d256385afbdee622f1f9bd026d3cf91250d7ba8
